{"id":320,"date":"2025-12-11T12:08:31","date_gmt":"2025-12-11T11:08:31","guid":{"rendered":"https:\/\/elverge.com\/?page_id=320"},"modified":"2025-12-11T12:08:31","modified_gmt":"2025-12-11T11:08:31","slug":"o-nas","status":"publish","type":"page","link":"https:\/\/elverge.com\/?page_id=320","title":{"rendered":"O Nas"},"content":{"rendered":"<p>[et_pb_section fb_built=&#8221;1&#8243; theme_builder_area=&#8221;post_content&#8221; _builder_version=&#8221;4.27.4&#8243; _module_preset=&#8221;default&#8221; title_text=&#8221;1920&#215;1080&#8243; background_image=&#8221;https:\/\/elverge.com\/wp-content\/uploads\/2025\/12\/1920&#215;1080.png&#8221; hover_enabled=&#8221;0&#8243; sticky_enabled=&#8221;0&#8243;][et_pb_row _builder_version=&#8221;4.27.4&#8243; _module_preset=&#8221;default&#8221; theme_builder_area=&#8221;post_content&#8221;][et_pb_column _builder_version=&#8221;4.27.4&#8243; _module_preset=&#8221;default&#8221; type=&#8221;4_4&#8243; theme_builder_area=&#8221;post_content&#8221;][et_pb_text _builder_version=&#8221;4.27.4&#8243; _module_preset=&#8221;default&#8221; theme_builder_area=&#8221;post_content&#8221; hover_enabled=&#8221;0&#8243; sticky_enabled=&#8221;0&#8243; header_font=&#8221;Lato|700|on||||||&#8221; header_font_size=&#8221;39px&#8221; header_text_color=&#8221;#0af57e&#8221;]<\/p>\n<h1>O NAS<\/h1>\n<p>[\/et_pb_text][et_pb_text _builder_version=&#8221;4.27.4&#8243; _module_preset=&#8221;default&#8221; theme_builder_area=&#8221;post_content&#8221; text_font=&#8221;Lato||||||||&#8221; text_text_color=&#8221;#FFFFFF&#8221; hover_enabled=&#8221;0&#8243; sticky_enabled=&#8221;0&#8243; text_font_size=&#8221;16px&#8221;]Jeste\u015bmy Elverge \u2013 wyznaczamy standardy \u0142adowania samochod\u00f3w<br \/>\nelektrycznych, tworz\u0105c inteligentne rozwi\u0105zania dost\u0119pne dla ka\u017cdego.<br \/>\nRozwijamy technologie, kt\u00f3re realnie u\u0142atwiaj\u0105 codzienne korzystanie z<br \/>\npojazd\u00f3w elektrycznych.<\/p>\n<p>Nasze motto? \u0141aduj szybciej. Jed\u017a dalej.<br \/>\nTo nie tylko has\u0142o \u2013 to obietnica, kt\u00f3r\u0105 realizujemy, projektuj\u0105c<br \/>\nurz\u0105dzenia \u0142\u0105cz\u0105ce wydajno\u015b\u0107, bezpiecze\u0144stwo i styl.<\/p>\n<p>Otwieramy si\u0119 tak\u017ce na partnerstwa biznesowe oraz szerok\u0105 dystrybucj\u0119 w<br \/>\nEuropie. Stawiamy na wsp\u00f3\u0142prac\u0119 z firmami, kt\u00f3re \u2013 tak jak my \u2013 chc\u0105<br \/>\nrozwija\u0107 rynek elektromobilno\u015bci i dostarcza\u0107 kierowcom rozwi\u0105zania<br \/>\nnajwy\u017cszej jako\u015bci.[\/et_pb_text][\/et_pb_column][\/et_pb_row][\/et_pb_section]<\/p>\n","protected":false},"excerpt":{"rendered":"<p>O NASJeste\u015bmy Elverge \u2013 wyznaczamy standardy \u0142adowania samochod\u00f3w elektrycznych, tworz\u0105c inteligentne rozwi\u0105zania dost\u0119pne dla ka\u017cdego. Rozwijamy technologie, kt\u00f3re realnie u\u0142atwiaj\u0105 codzienne korzystanie z pojazd\u00f3w elektrycznych. Nasze motto? \u0141aduj szybciej. Jed\u017a dalej. To nie tylko has\u0142o \u2013 to obietnica, kt\u00f3r\u0105 realizujemy, projektuj\u0105c urz\u0105dzenia \u0142\u0105cz\u0105ce wydajno\u015b\u0107, bezpiecze\u0144stwo i styl. Otwieramy si\u0119 tak\u017ce na partnerstwa biznesowe oraz szerok\u0105 [&hellip;]<\/p>\n","protected":false},"author":1,"featured_media":0,"parent":0,"menu_order":0,"comment_status":"closed","ping_status":"closed","template":"","meta":{"_et_pb_use_builder":"on","_et_pb_old_content":"<!-- wp:divi\/placeholder \/-->","_et_gb_content_width":"","footnotes":""},"class_list":["post-320","page","type-page","status-publish","hentry"],"_links":{"self":[{"href":"https:\/\/elverge.com\/index.php?rest_route=\/wp\/v2\/pages\/320","targetHints":{"allow":["GET"]}}],"collection":[{"href":"https:\/\/elverge.com\/index.php?rest_route=\/wp\/v2\/pages"}],"about":[{"href":"https:\/\/elverge.com\/index.php?rest_route=\/wp\/v2\/types\/page"}],"author":[{"embeddable":true,"href":"https:\/\/elverge.com\/index.php?rest_route=\/wp\/v2\/users\/1"}],"replies":[{"embeddable":true,"href":"https:\/\/elverge.com\/index.php?rest_route=%2Fwp%2Fv2%2Fcomments&post=320"}],"version-history":[{"count":3,"href":"https:\/\/elverge.com\/index.php?rest_route=\/wp\/v2\/pages\/320\/revisions"}],"predecessor-version":[{"id":548,"href":"https:\/\/elverge.com\/index.php?rest_route=\/wp\/v2\/pages\/320\/revisions\/548"}],"wp:attachment":[{"href":"https:\/\/elverge.com\/index.php?rest_route=%2Fwp%2Fv2%2Fmedia&parent=320"}],"curies":[{"name":"wp","href":"https:\/\/api.w.org\/{rel}","templated":true}]}}